{"id":521,"date":"2024-04-20T11:23:58","date_gmt":"2024-04-20T09:23:58","guid":{"rendered":"https:\/\/blsbcn.com\/projects\/service-road-and-pedestrian-footbridge-at-the-uab-campus-cerdanyola-del-valles-barcelona\/"},"modified":"2024-05-09T10:15:05","modified_gmt":"2024-05-09T08:15:05","slug":"service-road-and-pedestrian-footbridge-at-the-uab-campus-cerdanyola-del-valles-barcelona","status":"publish","type":"project","link":"https:\/\/blsbcn.com\/ca\/projects\/service-road-and-pedestrian-footbridge-at-the-uab-campus-cerdanyola-del-valles-barcelona\/","title":{"rendered":"VIAL AL CAMPUS DE LA UAB, CERDANYOLA DEL VALL\u00c8S, BARCELONA"},"content":{"rendered":"<p>El Projecte planteja la urbanitzaci\u00f3 d&#8217;un vial de serveis entre l&#8217;edifici CRAG i EUREKA 1 de la Universitat Aut\u00f2noma de Barcelona.<\/p>\n<p>Les perif\u00e8ries urbanes son origen freq\u00fcent de situacions ambig\u00fces entre ciutat i camp, construcci\u00f3 i territori. El fet es origen de dificultats objectives, per\u00f2 es tamb\u00e9, sovint, font d&#8217;estimulants singulars oportunitats d&#8217;intervenci\u00f3.<\/p>\n<p>El carrer objecte del projecte es situa en una junta entre dues respostes arquitect\u00f2niques contrastades respecte al car\u00e0cter de la seva relaci\u00f3 amb l&#8217;assentament de la UAB i amb el territori. Pel projecte de l&#8217;edifici CRAG ens trobem en un l\u00edmit del Campus de la UAB. El volum for\u00e7a el desnivell preexistent per constituir-se en un final d&#8217;all\u00f2 constru\u00eft, subratllat pel buscat efecte de balc\u00f3 obert vers el paisatge. El projecte de l&#8217;edifici EUREKA 1 es presenta com una construcci\u00f3 <em>extra-muros<\/em> que s&#8217;esqueixa per efecte de la topografia.<\/p>\n<p>La urbanitzaci\u00f3 que aqu\u00ed es proposa vol subratllar les dues voluntats, en considerar-les diferenciades per\u00f2 complementaries. Pret\u00e9n, encara, lligar el tercer volum en pres\u00e8ncia dedicat a espai esportiu i piscines, i que funcionalment queda incorporat als moviments que propicia el nou carrer.<\/p>\n<p>El carrer, pel que fa a la seva tra\u00e7a, secunda la geometria i el car\u00e0cter de l&#8217;edifici CRAG. La seva vegetaci\u00f3, per\u00f2, segueix les radials que emergeixen del nucli central de l&#8217;edifici EUREKA 1, la qual cosa li permet, quan el volum de l&#8217;edifici s&#8217;obra, una integraci\u00f3 geom\u00e8trica i vegetal amb l&#8217;entorn que beneficia al lloc i a la pr\u00f2pia construcci\u00f3 que aqu\u00ed es projecta.<\/p>\n","protected":false},"featured_media":516,"template":"","project-category":[43],"class_list":["post-521","project","type-project","status-publish","has-post-thumbnail","hentry","project-category-urbanisme"],"_links":{"self":[{"href":"https:\/\/blsbcn.com\/ca\/wp-json\/wp\/v2\/project\/521","targetHints":{"allow":["GET"]}}],"collection":[{"href":"https:\/\/blsbcn.com\/ca\/wp-json\/wp\/v2\/project"}],"about":[{"href":"https:\/\/blsbcn.com\/ca\/wp-json\/wp\/v2\/types\/project"}],"wp:featuredmedia":[{"embeddable":true,"href":"https:\/\/blsbcn.com\/ca\/wp-json\/wp\/v2\/media\/516"}],"wp:attachment":[{"href":"https:\/\/blsbcn.com\/ca\/wp-json\/wp\/v2\/media?parent=521"}],"wp:term":[{"taxonomy":"project-category","embeddable":true,"href":"https:\/\/blsbcn.com\/ca\/wp-json\/wp\/v2\/project-category?post=521"}],"curies":[{"name":"wp","href":"https:\/\/api.w.org\/{rel}","templated":true}]}}

VIAL AL CAMPUS DE LA UAB, CERDANYOLA DEL VALLÈS, BARCELONA

<p>El Projecte planteja la urbanització d&#8217;un vial de serveis entre l&#8217;edifici CRAG i EUREKA 1 de la Universitat Autònoma de Barcelona.</p>
<p>Les perifèries urbanes son origen freqüent de situacions ambigües entre ciutat i camp, construcció i territori. El fet es origen de dificultats objectives, però es també, sovint, font d&#8217;estimulants singulars oportunitats d&#8217;intervenció.</p>
<p>El carrer objecte del projecte es situa en una junta entre dues respostes arquitectòniques contrastades respecte al caràcter de la seva relació amb l&#8217;assentament de la UAB i amb el territori. Pel projecte de l&#8217;edifici CRAG ens trobem en un límit del Campus de la UAB. El volum força el desnivell preexistent per constituir-se en un final d&#8217;allò construït, subratllat pel buscat efecte de balcó obert vers el paisatge. El projecte de l&#8217;edifici EUREKA 1 es presenta com una construcció <em>extra-muros</em> que s&#8217;esqueixa per efecte de la topografia.</p>
<p>La urbanització que aquí es proposa vol subratllar les dues voluntats, en considerar-les diferenciades però complementaries. Pretén, encara, lligar el tercer volum en presència dedicat a espai esportiu i piscines, i que funcionalment queda incorporat als moviments que propicia el nou carrer.</p>
<p>El carrer, pel que fa a la seva traça, secunda la geometria i el caràcter de l&#8217;edifici CRAG. La seva vegetació, però, segueix les radials que emergeixen del nucli central de l&#8217;edifici EUREKA 1, la qual cosa li permet, quan el volum de l&#8217;edifici s&#8217;obra, una integració geomètrica i vegetal amb l&#8217;entorn que beneficia al lloc i a la pròpia construcció que aquí es projecta.</p>
