{"id":601,"date":"2024-04-10T17:03:28","date_gmt":"2024-04-10T15:03:28","guid":{"rendered":"https:\/\/blsbcn.com\/projects\/10-toll-stations-and-canopies-at-the-ap-7-south-la-jonquera-salou-catalonia\/"},"modified":"2024-05-08T18:22:55","modified_gmt":"2024-05-08T16:22:55","slug":"10-toll-stations-and-canopies-at-the-ap-7-south-la-jonquera-salou-catalonia","status":"publish","type":"project","link":"https:\/\/blsbcn.com\/ca\/projects\/10-toll-stations-and-canopies-at-the-ap-7-south-la-jonquera-salou-catalonia\/","title":{"rendered":"10 ESTACIONS DE PEATGE I MARQUESINES A L&#8217;AP-7 SUD, LA JONQUERA-SALOU, CATALUNYA"},"content":{"rendered":"<p>El projecte pret\u00e9n fer de cada peatge part integrant d&#8217;un lloc, una exaltaci\u00f3 de la t\u00e8cnica d&#8217;avantguarda i, aix\u00ed mateix, del respecte vers el medi ambient i el paisatge. Els peatges estan fets des de l&#8217;estilitzaci\u00f3 de la imatge de les autopistes d&#8217;ACESA i elements de superf\u00edcie que constitueixen construccions enteses com a plecs del s\u00f2l, assimilables al pla de la cal\u00e7ada asfaltada, a prats o a camps de cultiu, i incl\u00fas a terrain vagues en funci\u00f3 d&#8217;un entorn m\u00e9s o menys natural o periurb\u00e0.<\/p>\n<p>La imatge dels peatges d&#8217;ACESA est\u00e0 extensament incorporada a l&#8217;imaginari col\u00b7lectiu, a difer\u00e8ncia d&#8217;altres autopistes del Principat i comunitats aut\u00f2nomes. En el context actual, la possessi\u00f3 d&#8217;una imatge de marca \u00e9s un fet i un valor decisiu.<\/p>\n<p>El projecte pret\u00e9n aquest doble car\u00e0cter, subratllant tot all\u00f2 que sigui t\u00e8cnic, per\u00f2 tamb\u00e9 tot all\u00f2 que sigui natura, preservant per sobre de tot una relaci\u00f3 harm\u00f2nica entre ambd\u00f3s.<\/p>\n<p>L&#8217;autopista s&#8217;activa com a element de transmissi\u00f3 de la informaci\u00f3 i guia de reconeixement d&#8217;un determinat paisatge, contribuint aix\u00ed a la definici\u00f3 de car\u00e0cter i el to de les autopistes d&#8217;ACESA.<\/p>\n<p>Senyalitzacions de l&#8217;al\u00e7ada de les cabines, pla horitzontal i plans baixos: colors del paviment (teletag, &#8211; versi\u00f3 autom\u00f2bils i camions-) \u2026 Si s&#8217;ent\u00e9n l&#8217;\u00e0mbit del peatge com un paisatge caracter\u00edstic de la modernitat, el valor del pla del s\u00f2l adquireix un valor decisiu. L&#8217;aparici\u00f3 del color en aquest \u00e0mbit (senyalitzaci\u00f3 vies T de cotxes i camions) comen\u00e7a a ser ja un valor determinant en termes tant de senyalitzaci\u00f3 com ambientals i paisatg\u00edstics. D&#8217;aquesta manera, es preveuen textures de color, cultius d&#8217;usos o plantacions de missatges.<\/p>\n","protected":false},"featured_media":581,"template":"","project-category":[39],"class_list":["post-601","project","type-project","status-publish","has-post-thumbnail","hentry","project-category-infraestructures"],"_links":{"self":[{"href":"https:\/\/blsbcn.com\/ca\/wp-json\/wp\/v2\/project\/601","targetHints":{"allow":["GET"]}}],"collection":[{"href":"https:\/\/blsbcn.com\/ca\/wp-json\/wp\/v2\/project"}],"about":[{"href":"https:\/\/blsbcn.com\/ca\/wp-json\/wp\/v2\/types\/project"}],"wp:featuredmedia":[{"embeddable":true,"href":"https:\/\/blsbcn.com\/ca\/wp-json\/wp\/v2\/media\/581"}],"wp:attachment":[{"href":"https:\/\/blsbcn.com\/ca\/wp-json\/wp\/v2\/media?parent=601"}],"wp:term":[{"taxonomy":"project-category","embeddable":true,"href":"https:\/\/blsbcn.com\/ca\/wp-json\/wp\/v2\/project-category?post=601"}],"curies":[{"name":"wp","href":"https:\/\/api.w.org\/{rel}","templated":true}]}}

<p>El projecte pretén fer de cada peatge part integrant d&#8217;un lloc, una exaltació de la tècnica d&#8217;avantguarda i, així mateix, del respecte vers el medi ambient i el paisatge. Els peatges estan fets des de l&#8217;estilització de la imatge de les autopistes d&#8217;ACESA i elements de superfície que constitueixen construccions enteses com a plecs del sòl, assimilables al pla de la calçada asfaltada, a prats o a camps de cultiu, i inclús a terrain vagues en funció d&#8217;un entorn més o menys natural o periurbà.</p>
<p>La imatge dels peatges d&#8217;ACESA està extensament incorporada a l&#8217;imaginari col·lectiu, a diferència d&#8217;altres autopistes del Principat i comunitats autònomes. En el context actual, la possessió d&#8217;una imatge de marca és un fet i un valor decisiu.</p>
<p>El projecte pretén aquest doble caràcter, subratllant tot allò que sigui tècnic, però també tot allò que sigui natura, preservant per sobre de tot una relació harmònica entre ambdós.</p>
<p>L&#8217;autopista s&#8217;activa com a element de transmissió de la informació i guia de reconeixement d&#8217;un determinat paisatge, contribuint així a la definició de caràcter i el to de les autopistes d&#8217;ACESA.</p>
<p>Senyalitzacions de l&#8217;alçada de les cabines, pla horitzontal i plans baixos: colors del paviment (teletag, &#8211; versió automòbils i camions-) … Si s&#8217;entén l&#8217;àmbit del peatge com un paisatge característic de la modernitat, el valor del pla del sòl adquireix un valor decisiu. L&#8217;aparició del color en aquest àmbit (senyalització vies T de cotxes i camions) comença a ser ja un valor determinant en termes tant de senyalització com ambientals i paisatgístics. D&#8217;aquesta manera, es preveuen textures de color, cultius d&#8217;usos o plantacions de missatges.</p>
