{"id":483,"date":"2024-04-11T18:13:08","date_gmt":"2024-04-11T16:13:08","guid":{"rendered":"https:\/\/blsbcn.com\/projects\/biblioteca-general-de-la-universitat-de-les-illes-balears-palma-de-mallorca-mallorca\/"},"modified":"2024-05-09T10:57:12","modified_gmt":"2024-05-09T08:57:12","slug":"biblioteca-general-de-la-universitat-de-les-illes-balears-palma-de-mallorca-mallorca","status":"publish","type":"project","link":"https:\/\/blsbcn.com\/es\/projects\/biblioteca-general-de-la-universitat-de-les-illes-balears-palma-de-mallorca-mallorca\/","title":{"rendered":"BIBLIOTECA GENERAL DE LA UNIVERSITAT DE LES ILLES BALEARS, PALMA DE MALLORCA"},"content":{"rendered":"<p>El edificio relaciona, ordena, articula y da significado al volumen pr\u00f3ximo de Son Lled\u00f2, as\u00ed como tambi\u00e9n al parque y al territorio que lo envuelve.<\/p>\n<p>Los patios -espacios liberados-, as\u00ed como la duplicidad del camino de llegada, permiten que se establezca una relaci\u00f3n con el Campus m\u00e1s all\u00e1 de su propia presencia.<\/p>\n<p>El acceso evita la monumentalidad, introduce el paisaje y el espacio de encuentro conformando una planta libre para el reposo, la reflexi\u00f3n, el di\u00e1logo y la lectura al aire libre, constituy\u00e9ndose como el verdadero vest\u00edbulo del conjunto.<\/p>\n<p>Desde la entrada se accede al hall, en un nivel mas bajo, desde donde se distribuyen las \u00e1reas de trabajo interno y en general las zonas bajo control.<\/p>\n<p>Los almacenes y archivos valiosos se protegen en el subsuelo -a la misma cota que las salas de lectura-, aprovechando un ligero desnivel en la superficie del solar.<\/p>\n<p>En planta baja, unos grandes pozos de luz organizan y cualifican el espacio de lectura insinuando cierta sectorizaci\u00f3n y enriqueciendo la gran superficie de las salas de obras b\u00e1sicas y de monograf\u00edas. Son la pauta espacial organizativa del edificio.<\/p>\n<p>Las salas de lectura aislada se elevan en una planta superior, segmentadas por los muros de aire, luz y cielo que conforman los lucernarios.<\/p>\n<p>Mas arriba se sit\u00faan las \u00e1reas mas especializadas -hemeroteca, cartoteca y mediateca-. Las \u00e1reas de direcci\u00f3n y administraci\u00f3n, orientadas a Norte, gozaran de las vistas a la sierra de Tramontana.<\/p>\n<p>La relaci\u00f3n visual con el exterior a trav\u00e9s de los patios y de la celos\u00eda de fachada enriquece las circulaciones y establece un punto de encuentro entro el lejano exterior y el silencioso ambiente interior.<\/p>\n<p>Los patios, deambulatorios paisaj\u00edsticos en el interior del edificio se cruzan con los lucernarios y con la vegetaci\u00f3n que acompa\u00f1a la circulaci\u00f3n y las peque\u00f1as estancias.<\/p>\n","protected":false},"featured_media":475,"template":"","project-category":[30],"class_list":["post-483","project","type-project","status-publish","has-post-thumbnail","hentry","project-category-equipamientos"],"_links":{"self":[{"href":"https:\/\/blsbcn.com\/es\/wp-json\/wp\/v2\/project\/483","targetHints":{"allow":["GET"]}}],"collection":[{"href":"https:\/\/blsbcn.com\/es\/wp-json\/wp\/v2\/project"}],"about":[{"href":"https:\/\/blsbcn.com\/es\/wp-json\/wp\/v2\/types\/project"}],"wp:featuredmedia":[{"embeddable":true,"href":"https:\/\/blsbcn.com\/es\/wp-json\/wp\/v2\/media\/475"}],"wp:attachment":[{"href":"https:\/\/blsbcn.com\/es\/wp-json\/wp\/v2\/media?parent=483"}],"wp:term":[{"taxonomy":"project-category","embeddable":true,"href":"https:\/\/blsbcn.com\/es\/wp-json\/wp\/v2\/project-category?post=483"}],"curies":[{"name":"wp","href":"https:\/\/api.w.org\/{rel}","templated":true}]}}

<p>El edificio relaciona, ordena, articula y da significado al volumen próximo de Son Lledò, así como también al parque y al territorio que lo envuelve.</p>
<p>Los patios -espacios liberados-, así como la duplicidad del camino de llegada, permiten que se establezca una relación con el Campus más allá de su propia presencia.</p>
<p>El acceso evita la monumentalidad, introduce el paisaje y el espacio de encuentro conformando una planta libre para el reposo, la reflexión, el diálogo y la lectura al aire libre, constituyéndose como el verdadero vestíbulo del conjunto.</p>
<p>Desde la entrada se accede al hall, en un nivel mas bajo, desde donde se distribuyen las áreas de trabajo interno y en general las zonas bajo control.</p>
<p>Los almacenes y archivos valiosos se protegen en el subsuelo -a la misma cota que las salas de lectura-, aprovechando un ligero desnivel en la superficie del solar.</p>
<p>En planta baja, unos grandes pozos de luz organizan y cualifican el espacio de lectura insinuando cierta sectorización y enriqueciendo la gran superficie de las salas de obras básicas y de monografías. Son la pauta espacial organizativa del edificio.</p>
<p>Las salas de lectura aislada se elevan en una planta superior, segmentadas por los muros de aire, luz y cielo que conforman los lucernarios.</p>
<p>Mas arriba se sitúan las áreas mas especializadas -hemeroteca, cartoteca y mediateca-. Las áreas de dirección y administración, orientadas a Norte, gozaran de las vistas a la sierra de Tramontana.</p>
<p>La relación visual con el exterior a través de los patios y de la celosía de fachada enriquece las circulaciones y establece un punto de encuentro entro el lejano exterior y el silencioso ambiente interior.</p>
<p>Los patios, deambulatorios paisajísticos en el interior del edificio se cruzan con los lucernarios y con la vegetación que acompaña la circulación y las pequeñas estancias.</p>
